{"id":718,"date":"2022-07-07T11:00:52","date_gmt":"2022-07-07T09:00:52","guid":{"rendered":"https:\/\/mto-gmbh.com\/Neu\/?page_id=718"},"modified":"2025-03-19T13:18:36","modified_gmt":"2025-03-19T12:18:36","slug":"entoelenentfetten","status":"publish","type":"page","link":"https:\/\/mto-gmbh.com\/Neu\/index.php\/leistungen_entwurf\/entoelenentfetten\/","title":{"rendered":"ENT\u00d6LEN_ENFETTEN"},"content":{"rendered":"<div id=\"cs-content\" class=\"cs-content\"  >\n<div class=\"e718-1 x-section\" >\n      \n<div class=\"e718-2 x-row\" >\n    <div class=\"x-row-inner\">\n<div class=\"e718-3 x-col\" >\n    \n\t\t\t<!-- START MTO Leistungen REVOLUTION SLIDER 6.2.22 --><p class=\"rs-p-wp-fix\"><\/p>\n\t\t\t<rs-module-wrap id=\"rev_slider_7_1_wrapper\" data-source=\"gallery\" style=\"background:transparent;padding:0;\">\n\t\t\t\t<rs-module id=\"rev_slider_7_1\" style=\"\" data-version=\"6.2.22\">\n\t\t\t\t\t<rs-slides>\n\t\t\t\t\t\t<rs-slide data-key=\"rs-32\" data-title=\"Slide\" data-anim=\"ei:d;eo:d;s:1000;r:0;t:fade;sl:0;\">\n\t\t\t\t\t\t\t<img src=\"\/\/mto-gmbh.com\/Neu\/wp-content\/plugins\/revslider\/public\/assets\/assets\/transparent.png\" alt=\"Slide\" title=\"ENT\u00d6LEN_ENFETTEN\" class=\"rev-slidebg\" data-no-retina>\n<!--\n\t\t\t\t\t\t\t--><rs-layer\n\t\t\t\t\t\t\t\tid=\"slider-7-slide-32-layer-8\" \n\t\t\t\t\t\t\t\tdata-type=\"image\"\n\t\t\t\t\t\t\t\tdata-xy=\"xo:-4px;yo:-9px;\"\n\t\t\t\t\t\t\t\tdata-text=\"w:normal;\"\n\t\t\t\t\t\t\t\tdata-dim=\"w:['1240px','1240px','1240px','1240px'];h:['400px','400px','400px','400px'];\"\n\t\t\t\t\t\t\t\tdata-rsp_o=\"off\"\n\t\t\t\t\t\t\t\tdata-rsp_bd=\"off\"\n\t\t\t\t\t\t\t\tdata-frame_999=\"o:0;st:w;\"\n\t\t\t\t\t\t\t\tstyle=\"z-index:8;\"\n\t\t\t\t\t\t\t><img src=\"\/\/mto-gmbh.com\/Neu\/wp-content\/uploads\/2019\/11\/Slider_1240-x400px-_28.jpg\" width=\"5167\" height=\"1667\" data-no-retina> \n\t\t\t\t\t\t\t<\/rs-layer><!--\n\n\t\t\t\t\t\t\t--><rs-layer\n\t\t\t\t\t\t\t\tid=\"slider-7-slide-32-layer-28\" \n\t\t\t\t\t\t\t\tdata-type=\"text\"\n\t\t\t\t\t\t\t\tdata-xy=\"x:c;xo:-7px;yo:166px;\"\n\t\t\t\t\t\t\t\tdata-text=\"w:normal;s:19;l:24;a:center;\"\n\t\t\t\t\t\t\t\tdata-dim=\"w:178;h:95px;\"\n\t\t\t\t\t\t\t\tdata-rsp_o=\"off\"\n\t\t\t\t\t\t\t\tdata-rsp_bd=\"off\"\n\t\t\t\t\t\t\t\tdata-frame_999=\"o:0;st:w;\"\n\t\t\t\t\t\t\t\tstyle=\"z-index:9;font-family:Arial, Helvetica, sans-serif;\"\n\t\t\t\t\t\t\t>Wir bieten Ihnen ma\u00dfgeschneiderte Reinigungsverfahren <br \/>\nf\u00fcr Ihre Bauteile \n\t\t\t\t\t\t\t<\/rs-layer><!--\n-->\t\t\t\t\t\t<\/rs-slide>\n\t\t\t\t\t<\/rs-slides>\n\t\t\t\t\t<rs-static-layers><!--\n\t\t\t\t\t--><\/rs-static-layers>\n\t\t\t\t<\/rs-module>\n\t\t\t\t<script type=\"text\/javascript\">\n\t\t\t\t\tsetREVStartSize({c: 'rev_slider_7_1',rl:[1240,1024,778,480],el:[400,768,960,720],gw:[1240,1024,778,480],gh:[400,400,960,720],type:'standard',justify:'',layout:'fullscreen',offsetContainer:'',offset:'',mh:\"0\"});\n\t\t\t\t\tvar\trevapi7,\n\t\t\t\t\t\ttpj;\n\t\t\t\t\tfunction revinit_revslider71() {\n\t\t\t\t\tjQuery(function() {\n\t\t\t\t\t\ttpj = jQuery;\n\t\t\t\t\t\trevapi7 = tpj(\"#rev_slider_7_1\");\n\t\t\t\t\t\tif(revapi7==undefined || revapi7.revolution == undefined){\n\t\t\t\t\t\t\trevslider_showDoubleJqueryError(\"rev_slider_7_1\");\n\t\t\t\t\t\t}else{\n\t\t\t\t\t\t\trevapi7.revolution({\n\t\t\t\t\t\t\t\tsliderLayout:\"fullscreen\",\n\t\t\t\t\t\t\t\tduration:\"1000ms\",\n\t\t\t\t\t\t\t\tvisibilityLevels:\"1240,1024,778,480\",\n\t\t\t\t\t\t\t\tgridwidth:\"1240,1024,778,480\",\n\t\t\t\t\t\t\t\tgridheight:\"400,400,960,720\",\n\t\t\t\t\t\t\t\tspinner:\"spinner0\",\n\t\t\t\t\t\t\t\tperspectiveType:\"local\",\n\t\t\t\t\t\t\t\teditorheight:\"400,768,960,720\",\n\t\t\t\t\t\t\t\tresponsiveLevels:\"1240,1024,778,480\",\n\t\t\t\t\t\t\t\tshuffle:true,\n\t\t\t\t\t\t\t\tprogressBar:{disableProgressBar:true},\n\t\t\t\t\t\t\t\tnavigation: {\n\t\t\t\t\t\t\t\t\tonHoverStop:false\n\t\t\t\t\t\t\t\t},\n\t\t\t\t\t\t\t\tfallbacks: {\n\t\t\t\t\t\t\t\t\tallowHTML5AutoPlayOnAndroid:true\n\t\t\t\t\t\t\t\t},\n\t\t\t\t\t\t\t});\n\t\t\t\t\t\t}\n\t\t\t\t\t\t\n\t\t\t\t\t});\n\t\t\t\t\t} \/\/ End of RevInitScript\n\t\t\t\tvar once_revslider71 = false;\n\t\t\t\tif (document.readyState === \"loading\") {document.addEventListener('readystatechange',function() { if((document.readyState === \"interactive\" || document.readyState === \"complete\") && !once_revslider71 ) { once_revslider71 = true; revinit_revslider71();}});} else {once_revslider71 = true; revinit_revslider71();}\n\t\t\t\t<\/script>\n\t\t\t<\/rs-module-wrap>\n\t\t\t<!-- END REVOLUTION SLIDER -->\n  <\/div>\n<\/div>\n  <\/div>\n    <\/div>\n\n<div class=\"e718-5 x-section\" >\n      \n<div class=\"e718-6 x-row x-container max width\" >\n    <div class=\"x-row-inner\">\n<div class=\"e718-7 x-col\" >\n    <img  class=\"x-img x-img-none\"  src=\"https:\/\/mto-gmbh.com\/Neu\/wp-content\/uploads\/2022\/04\/Kleinteile_80-1024x400_verdunkel.jpg\" >  <\/div>\n<\/div>\n  <\/div>\n    <\/div>\n\n<div class=\"e718-9 x-section\" >\n      \n<div class=\"e718-10 x-row x-container max width\" >\n    <div class=\"x-row-inner\">\n<div class=\"e718-11 x-col\" >\n    <hr  class=\"x-gap\" style=\"margin: 30px 0 0 0;\"><hr  class=\"x-gap\" style=\"margin: 30px 0 0 0;\"><hr  class=\"x-gap\" style=\"margin: 30px 0 0 0;\"><hr  class=\"x-hr\" style=\"border-top-color: rgb(0,171,197);border-top-width: 1px;width: 100%;\">  <\/div>\n<\/div>\n  <\/div>\n    <\/div>\n\n<div class=\"e718-16 x-section\" >\n      \n<div class=\"e718-17 x-row x-container max width\" >\n    <div class=\"x-row-inner\">\n<div class=\"e718-18 x-col\" >\n    <div class=\"x-text\"  ><p>Die meisten heute industriell hergestellten Bauteile werden w\u00e4hrend der Produktion mit Fetten, Schmier\u00f6len, Emulsionen und Korrosionsschutz\u00f6len behaftet und ben\u00f6tigen w\u00e4hrend ihrer Herstellung und vor allen Dingen vor ihrer Montage eine gr\u00fcndliche Reinigung, um funktionsf\u00e4hig zu sein. <\/p>\n<p>MTO bietet Ihnen als Dienstleister durch sein Knowhow im Bereich Lohnreinigung von Bauteilen die M\u00f6glichkeit, sowohl Einzelteile, Sch\u00fcttgut, Kleinteile, Serienteile, sch\u00f6pfende Teile, komplette Baugruppen, Stapelware etc. als Einzelst\u00fcck, in K\u00f6rben und Warentr\u00e4gern mit h\u00f6chste Restschmutzanforderungen zu waschen.<\/p>\n<p>Damit die industrielle Lohnentfettung Ihren Teilen unter den besten Bedingungen und ohne Risiko f\u00fcr weiteren Prozessschritten erfolgt, bietet Ihnen MTO verschiedene Alternativen. Dazu z\u00e4hlen: Dampfentfettung, Tauch-, Spritz- oder auch Ultraschallreinigung. Die Teile k\u00f6nnen w\u00e4hrend des Prozesses bewegt(rotiert oder geschwenkt) werden, um die Reinigungsergebnisse zu verbessern.<\/p>\n<p>Die optimalen Reinigungsl\u00f6sungen werden individuell auf Kundenbed\u00fcrfnisse abgestimmt. MTO hat sich im Bereich der Oberfl\u00e4chenbehandlung einen Namen gemacht und bietet Ihnen verschiedene kosteng\u00fcnstige und umweltfreundliche L\u00f6sungen f\u00fcr die industrielle Entfettung Ihrer mechanisch bearbeiteten Teile an.<\/p>\n<\/div>  <\/div>\n\n<div class=\"e718-20 x-col\" >\n    \n<span class=\"e718-21 x-image\" >\n  <img src=\"https:\/\/mto-gmbh.com\/Neu\/wp-content\/uploads\/2022\/04\/Schuettgut_1-removebg-preview.jpg\" width=\"1167\" height=\"500\" alt=\"Image\" loading=\"lazy\" >\n<\/span>\n  <\/div>\n<\/div>\n  <\/div>\n    <\/div>\n\n<div class=\"e718-22 x-section\" >\n      \n<div class=\"e718-23 x-row\" >\n    <div class=\"x-row-inner\">\n<div class=\"e718-24 x-col\" >\n    <h3  class=\"h-custom-headline cs-ta-center h4\" style=\"color: hsl(0, 0%, 100%);\"><span>Sie haben Interesse an einem Angebot?<\/span><\/h3>\n<a class=\"e718-26 x-anchor x-anchor-button\" tabindex=\"0\" href=\"http:\/\/mto-gmbh.com\/Neu\/index.php\/kontakt\/\" >\n\n  \n    <div class=\"x-anchor-content\">\n            <div class=\"x-anchor-text\"><span class=\"x-anchor-text-primary\" >Fragen Sie uns an<\/span><\/div>          <\/div>\n\n        \n  \n<\/a>\n  <\/div>\n<\/div>\n  <\/div>\n    <\/div>\n\n<div class=\"e718-27 x-section\" >\n      \n<div class=\"e718-28 x-row x-container max width\" >\n    <div class=\"x-row-inner\">\n<div class=\"e718-29 x-col\" >\n    \n<hr class=\"e718-30 x-line\" >\n  <\/div>\n<\/div>\n  <\/div>\n    <\/div>\n\n<div class=\"e718-31 x-section\" >\n      \n<div class=\"e718-32 x-row x-container max width\" >\n    <div class=\"x-row-inner\">\n<div class=\"e718-33 x-col\" >\n    \n<div class=\"e718-34 x-text x-text-headline\" >\n  <div class=\"x-text-content\"><div class=\"x-text-content-text\"><h1 class=\"x-text-content-text-primary\">ENT\u00d6LEN_ENFETTEN<\/h1><\/div><\/div><\/div>\n  <\/div>\n<\/div>\n  <\/div>\n\n<div class=\"e718-35 x-row x-container max width\" >\n    <div class=\"x-row-inner\">\n<div class=\"e718-36 x-col\" >\n    \n<span class=\"e718-37 x-image\" >\n  <img src=\"https:\/\/mto-gmbh.com\/Neu\/wp-content\/uploads\/2022\/05\/Entroesten.png\" width=\"1000\" height=\"388\" alt=\"Image\" loading=\"lazy\" >\n<\/span>\n  <\/div>\n<\/div>\n  <\/div>\n\n<div class=\"e718-38 x-row x-container max width\" >\n    <div class=\"x-row-inner\">\n<div class=\"e718-39 x-col\" >\n    <div class=\"x-text\"  ><p>Einer der gr\u00f6\u00dften Feinde von industriellen Bauteilen ist Rost, den man auf verschiedenen Materialien finden kann. Rost macht die Materialien, auf denen er sich absetzt, br\u00fcchig. Um die optimale Funktion des Teils zu gew\u00e4hrleisten, ist eine gute Vorbehandlung unerl\u00e4sslich. Durch Entrosten wird die Haltbarkeit des Werkst\u00fccks deutlich erh\u00f6ht.<br \/>\nWir beim MTO entrosten Ihre Bauteile nach Normvorgaben. Werkst\u00fccke mit unerw\u00fcnschten Rostablagerungen werden gr\u00fcndlich gereinigt und von Oxidation, Rost und Zunder befreit. Die Oberfl\u00e4che wird auch an schwer zug\u00e4nglichen Stellen wie z. B. in Rillen oder Vertiefungen sorgf\u00e4ltig<br \/>\nWir werden die Ursachen des Rosts sorgf\u00e4ltig untersuchen und identifizieren, um den optimalen Prozess f\u00fcr Ihre spezifischen Probleme vorzuschlagen.<br \/>\nZ\u00f6gern Sie nicht l\u00e4nger und kontaktieren Sie uns!<\/p>\n<\/div>  <\/div>\n\n<div class=\"e718-41 x-col\" >\n    <div  class=\"x-video player hide-controls autoplay muted with-container\" data-x-element=\"x_mejs\" data-x-params=\"{&quot;poster&quot;:&quot;&quot;}\"  ><div class=\"x-video-inner video\/mp4 \"><video class=\"x-mejs has-stack-styles\" preload=\"auto\" autoplay muted><source src=\"https:\/\/mto-gmbh.com\/Neu\/wp-content\/uploads\/2022\/05\/Entrosten_3.mp4\" type=\"video\/mp4\"><\/video><\/div><\/div>  <\/div>\n<\/div>\n  <\/div>\n    <\/div>\n\n<div class=\"e718-43 x-section\" >\n      \n<div class=\"e718-44 x-row\" >\n    <div class=\"x-row-inner\">\n<div class=\"e718-45 x-col\" >\n    <h3  class=\"h-custom-headline cs-ta-center h4\" style=\"color: hsl(0, 0%, 100%);\"><span>Sie haben Interesse an einem Angebot?<\/span><\/h3>\n<a class=\"e718-47 x-anchor x-anchor-button\" tabindex=\"0\" href=\"http:\/\/mto-gmbh.com\/Neu\/index.php\/kontakt\/\" >\n\n  \n    <div class=\"x-anchor-content\">\n            <div class=\"x-anchor-text\"><span class=\"x-anchor-text-primary\" >Fragen Sie uns an<\/span><\/div>          <\/div>\n\n        \n  \n<\/a>\n  <\/div>\n<\/div>\n  <\/div>\n    <\/div>\n\n<div class=\"e718-48 x-section\" >\n      \n<div class=\"e718-49 x-row x-container max width\" >\n    <div class=\"x-row-inner\">\n<div class=\"e718-50 x-col\" >\n    <hr  class=\"x-gap\" style=\"margin: 50px 0 0 0;\">  <\/div>\n<\/div>\n  <\/div>\n    <\/div>\n\n<div class=\"e718-52 x-section\" >\n      \n<div class=\"e718-53 x-row x-container max width\" >\n    <div class=\"x-row-inner\">\n<div class=\"e718-54 x-col\" >\n    <div class=\"x-text cs-ta-center\"  ><p class=\"man\">Wir sind der richtige Partner, wenn es um Restschmutzwerte und Reinheitsnorm nach den Vorschriften und VDA 19 geht. <\/p>\n<\/div>  <\/div>\n<\/div>\n  <\/div>\n\n<div class=\"e718-56 x-row x-container max width\" >\n    <div class=\"x-row-inner\">\n<div class=\"e718-57 x-col\" >\n    \n<span class=\"e718-58 x-image\" >\n  <img src=\"https:\/\/mto-gmbh.com\/Neu\/wp-content\/uploads\/2019\/09\/T\u00dcV-Rheinland_gek\u00fcrzt-150x150.png\" width=\"75\" height=\"75\" alt=\"Wasserhaushaltsgesetz\" loading=\"lazy\" >\n<\/span>\n  <\/div>\n<\/div>\n  <\/div>\n    <\/div>\n<\/div>\n","protected":false},"excerpt":{"rendered":"<p>Wir bieten Ihnen ma\u00dfgeschneiderte Reinigungsverfahren f\u00fcr Ihre Bauteile Die meisten heute industriell hergestellten Bauteile werden w\u00e4hrend der Produktion mit Fetten, Schmier\u00f6len, Emulsionen und Korrosionsschutz\u00f6len behaftet und ben\u00f6tigen w\u00e4hrend ihrer Herstellung und vor allen Dingen vor ihrer Montage eine gr\u00fcndliche Reinigung, um funktionsf\u00e4hig zu sein. MTO bietet Ihnen als Dienstleister durch sein Knowhow im Bereich Lohnreinigung von Bauteilen die M\u00f6glichkeit, sowohl &#8230;<\/p>\n","protected":false},"author":3,"featured_media":0,"parent":619,"menu_order":0,"comment_status":"closed","ping_status":"closed","template":"template-blank-7.php","meta":[],"yoast_head":"<!-- This site is optimized with the Yoast SEO plugin v15.7 - https:\/\/yoast.com\/wordpress\/plugins\/seo\/ -->\n<title>ENT\u00d6LEN_ENFETTEN - MTO Oberfl\u00e4chenbehandlung GmbH - industrielle Bauteilereinigung<\/title>\n<meta name=\"robots\" content=\"index, follow, max-snippet:-1, max-image-preview:large, max-video-preview:-1\" \/>\n<link rel=\"canonical\" href=\"https:\/\/mto-gmbh.com\/Neu\/index.php\/leistungen_entwurf\/entoelenentfetten\/\" \/>\n<meta property=\"og:locale\" content=\"de_DE\" \/>\n<meta property=\"og:type\" content=\"article\" \/>\n<meta property=\"og:title\" content=\"ENT\u00d6LEN_ENFETTEN - MTO Oberfl\u00e4chenbehandlung GmbH - industrielle Bauteilereinigung\" \/>\n<meta property=\"og:description\" content=\"Wir bieten Ihnen ma\u00dfgeschneiderte Reinigungsverfahren f\u00fcr Ihre Bauteile Die meisten heute industriell hergestellten Bauteile werden w\u00e4hrend der Produktion mit Fetten, Schmier\u00f6len, Emulsionen und Korrosionsschutz\u00f6len behaftet und ben\u00f6tigen w\u00e4hrend ihrer Herstellung und vor allen Dingen vor ihrer Montage eine gr\u00fcndliche Reinigung, um funktionsf\u00e4hig zu sein. MTO bietet Ihnen als Dienstleister durch sein Knowhow im Bereich Lohnreinigung von Bauteilen die M\u00f6glichkeit, sowohl ...\" \/>\n<meta property=\"og:url\" content=\"https:\/\/mto-gmbh.com\/Neu\/index.php\/leistungen_entwurf\/entoelenentfetten\/\" \/>\n<meta property=\"og:site_name\" content=\"MTO Oberfl\u00e4chenbehandlung GmbH - industrielle Bauteilereinigung\" \/>\n<meta property=\"article:modified_time\" content=\"2025-03-19T12:18:36+00:00\" \/>\n<meta name=\"twitter:card\" content=\"summary_large_image\" \/>\n<meta name=\"twitter:label1\" content=\"Gesch\u00e4tzte Lesezeit\">\n\t<meta name=\"twitter:data1\" content=\"4 Minuten\">\n<script type=\"application\/ld+json\" class=\"yoast-schema-graph\">{\"@context\":\"https:\/\/schema.org\",\"@graph\":[{\"@type\":\"WebSite\",\"@id\":\"https:\/\/mto-gmbh.com\/Neu\/#website\",\"url\":\"https:\/\/mto-gmbh.com\/Neu\/\",\"name\":\"MTO Oberfl\\u00e4chenbehandlung GmbH - industrielle Bauteilereinigung\",\"description\":\"Ihr Dienstleister f\\u00fcr die Lohnreinigung von industriellen Bauteilen\",\"potentialAction\":[{\"@type\":\"SearchAction\",\"target\":\"https:\/\/mto-gmbh.com\/Neu\/?s={search_term_string}\",\"query-input\":\"required name=search_term_string\"}],\"inLanguage\":\"de-DE\"},{\"@type\":\"WebPage\",\"@id\":\"https:\/\/mto-gmbh.com\/Neu\/index.php\/leistungen_entwurf\/entoelenentfetten\/#webpage\",\"url\":\"https:\/\/mto-gmbh.com\/Neu\/index.php\/leistungen_entwurf\/entoelenentfetten\/\",\"name\":\"ENT\\u00d6LEN_ENFETTEN - MTO Oberfl\\u00e4chenbehandlung GmbH - industrielle Bauteilereinigung\",\"isPartOf\":{\"@id\":\"https:\/\/mto-gmbh.com\/Neu\/#website\"},\"datePublished\":\"2022-07-07T09:00:52+00:00\",\"dateModified\":\"2025-03-19T12:18:36+00:00\",\"inLanguage\":\"de-DE\",\"potentialAction\":[{\"@type\":\"ReadAction\",\"target\":[\"https:\/\/mto-gmbh.com\/Neu\/index.php\/leistungen_entwurf\/entoelenentfetten\/\"]}]}]}<\/script>\n<!-- \/ Yoast SEO plugin. -->","_links":{"self":[{"href":"https:\/\/mto-gmbh.com\/Neu\/index.php\/wp-json\/wp\/v2\/pages\/718"}],"collection":[{"href":"https:\/\/mto-gmbh.com\/Neu\/index.php\/wp-json\/wp\/v2\/pages"}],"about":[{"href":"https:\/\/mto-gmbh.com\/Neu\/index.php\/wp-json\/wp\/v2\/types\/page"}],"author":[{"embeddable":true,"href":"https:\/\/mto-gmbh.com\/Neu\/index.php\/wp-json\/wp\/v2\/users\/3"}],"replies":[{"embeddable":true,"href":"https:\/\/mto-gmbh.com\/Neu\/index.php\/wp-json\/wp\/v2\/comments?post=718"}],"version-history":[{"count":29,"href":"https:\/\/mto-gmbh.com\/Neu\/index.php\/wp-json\/wp\/v2\/pages\/718\/revisions"}],"predecessor-version":[{"id":965,"href":"https:\/\/mto-gmbh.com\/Neu\/index.php\/wp-json\/wp\/v2\/pages\/718\/revisions\/965"}],"up":[{"embeddable":true,"href":"https:\/\/mto-gmbh.com\/Neu\/index.php\/wp-json\/wp\/v2\/pages\/619"}],"wp:attachment":[{"href":"https:\/\/mto-gmbh.com\/Neu\/index.php\/wp-json\/wp\/v2\/media?parent=718"}],"curies":[{"name":"wp","href":"https:\/\/api.w.org\/{rel}","templated":true}]}}