{"id":619,"date":"2022-07-07T09:42:19","date_gmt":"2022-07-07T07:42:19","guid":{"rendered":"https:\/\/mto-gmbh.com\/Neu\/?page_id=619"},"modified":"2025-03-19T12:15:01","modified_gmt":"2025-03-19T11:15:01","slug":"leistungen_entwurf","status":"publish","type":"page","link":"https:\/\/mto-gmbh.com\/Neu\/index.php\/leistungen_entwurf\/","title":{"rendered":"Leistungen"},"content":{"rendered":"<div id=\"cs-content\" class=\"cs-content\"  >\n<div class=\"e619-1 x-section\" >\n      \n<div class=\"e619-2 x-row\" >\n    <div class=\"x-row-inner\">\n<div class=\"e619-3 x-col\" >\n    \n\t\t\t<!-- START MTO Leistungen REVOLUTION SLIDER 6.2.22 --><p class=\"rs-p-wp-fix\"><\/p>\n\t\t\t<rs-module-wrap id=\"rev_slider_7_1_wrapper\" data-source=\"gallery\" style=\"background:transparent;padding:0;\">\n\t\t\t\t<rs-module id=\"rev_slider_7_1\" style=\"\" data-version=\"6.2.22\">\n\t\t\t\t\t<rs-slides>\n\t\t\t\t\t\t<rs-slide data-key=\"rs-32\" data-title=\"Slide\" data-anim=\"ei:d;eo:d;s:1000;r:0;t:fade;sl:0;\">\n\t\t\t\t\t\t\t<img src=\"\/\/mto-gmbh.com\/Neu\/wp-content\/plugins\/revslider\/public\/assets\/assets\/transparent.png\" alt=\"Slide\" title=\"Leistungen\" class=\"rev-slidebg\" data-no-retina>\n<!--\n\t\t\t\t\t\t\t--><rs-layer\n\t\t\t\t\t\t\t\tid=\"slider-7-slide-32-layer-8\" \n\t\t\t\t\t\t\t\tdata-type=\"image\"\n\t\t\t\t\t\t\t\tdata-xy=\"xo:-4px;yo:-9px;\"\n\t\t\t\t\t\t\t\tdata-text=\"w:normal;\"\n\t\t\t\t\t\t\t\tdata-dim=\"w:['1240px','1240px','1240px','1240px'];h:['400px','400px','400px','400px'];\"\n\t\t\t\t\t\t\t\tdata-rsp_o=\"off\"\n\t\t\t\t\t\t\t\tdata-rsp_bd=\"off\"\n\t\t\t\t\t\t\t\tdata-frame_999=\"o:0;st:w;\"\n\t\t\t\t\t\t\t\tstyle=\"z-index:8;\"\n\t\t\t\t\t\t\t><img src=\"\/\/mto-gmbh.com\/Neu\/wp-content\/uploads\/2019\/11\/Slider_1240-x400px-_28.jpg\" width=\"5167\" height=\"1667\" data-no-retina> \n\t\t\t\t\t\t\t<\/rs-layer><!--\n\n\t\t\t\t\t\t\t--><rs-layer\n\t\t\t\t\t\t\t\tid=\"slider-7-slide-32-layer-28\" \n\t\t\t\t\t\t\t\tdata-type=\"text\"\n\t\t\t\t\t\t\t\tdata-xy=\"x:c;xo:-7px;yo:166px;\"\n\t\t\t\t\t\t\t\tdata-text=\"w:normal;s:19;l:24;a:center;\"\n\t\t\t\t\t\t\t\tdata-dim=\"w:178;h:95px;\"\n\t\t\t\t\t\t\t\tdata-rsp_o=\"off\"\n\t\t\t\t\t\t\t\tdata-rsp_bd=\"off\"\n\t\t\t\t\t\t\t\tdata-frame_999=\"o:0;st:w;\"\n\t\t\t\t\t\t\t\tstyle=\"z-index:9;font-family:Arial, Helvetica, sans-serif;\"\n\t\t\t\t\t\t\t>Wir bieten Ihnen ma\u00dfgeschneiderte Reinigungsverfahren <br \/>\nf\u00fcr Ihre Bauteile \n\t\t\t\t\t\t\t<\/rs-layer><!--\n-->\t\t\t\t\t\t<\/rs-slide>\n\t\t\t\t\t<\/rs-slides>\n\t\t\t\t\t<rs-static-layers><!--\n\t\t\t\t\t--><\/rs-static-layers>\n\t\t\t\t<\/rs-module>\n\t\t\t\t<script type=\"text\/javascript\">\n\t\t\t\t\tsetREVStartSize({c: 'rev_slider_7_1',rl:[1240,1024,778,480],el:[400,768,960,720],gw:[1240,1024,778,480],gh:[400,400,960,720],type:'standard',justify:'',layout:'fullscreen',offsetContainer:'',offset:'',mh:\"0\"});\n\t\t\t\t\tvar\trevapi7,\n\t\t\t\t\t\ttpj;\n\t\t\t\t\tfunction revinit_revslider71() {\n\t\t\t\t\tjQuery(function() {\n\t\t\t\t\t\ttpj = jQuery;\n\t\t\t\t\t\trevapi7 = tpj(\"#rev_slider_7_1\");\n\t\t\t\t\t\tif(revapi7==undefined || revapi7.revolution == undefined){\n\t\t\t\t\t\t\trevslider_showDoubleJqueryError(\"rev_slider_7_1\");\n\t\t\t\t\t\t}else{\n\t\t\t\t\t\t\trevapi7.revolution({\n\t\t\t\t\t\t\t\tsliderLayout:\"fullscreen\",\n\t\t\t\t\t\t\t\tduration:\"1000ms\",\n\t\t\t\t\t\t\t\tvisibilityLevels:\"1240,1024,778,480\",\n\t\t\t\t\t\t\t\tgridwidth:\"1240,1024,778,480\",\n\t\t\t\t\t\t\t\tgridheight:\"400,400,960,720\",\n\t\t\t\t\t\t\t\tspinner:\"spinner0\",\n\t\t\t\t\t\t\t\tperspectiveType:\"local\",\n\t\t\t\t\t\t\t\teditorheight:\"400,768,960,720\",\n\t\t\t\t\t\t\t\tresponsiveLevels:\"1240,1024,778,480\",\n\t\t\t\t\t\t\t\tshuffle:true,\n\t\t\t\t\t\t\t\tprogressBar:{disableProgressBar:true},\n\t\t\t\t\t\t\t\tnavigation: {\n\t\t\t\t\t\t\t\t\tonHoverStop:false\n\t\t\t\t\t\t\t\t},\n\t\t\t\t\t\t\t\tfallbacks: {\n\t\t\t\t\t\t\t\t\tallowHTML5AutoPlayOnAndroid:true\n\t\t\t\t\t\t\t\t},\n\t\t\t\t\t\t\t});\n\t\t\t\t\t\t}\n\t\t\t\t\t\t\n\t\t\t\t\t});\n\t\t\t\t\t} \/\/ End of RevInitScript\n\t\t\t\tvar once_revslider71 = false;\n\t\t\t\tif (document.readyState === \"loading\") {document.addEventListener('readystatechange',function() { if((document.readyState === \"interactive\" || document.readyState === \"complete\") && !once_revslider71 ) { once_revslider71 = true; revinit_revslider71();}});} else {once_revslider71 = true; revinit_revslider71();}\n\t\t\t\t<\/script>\n\t\t\t<\/rs-module-wrap>\n\t\t\t<!-- END REVOLUTION SLIDER -->\n  <\/div>\n<\/div>\n  <\/div>\n    <\/div>\n\n<div class=\"e619-5 x-section\" >\n      \n<div class=\"e619-6 x-row x-container max width\" >\n    <div class=\"x-row-inner\">\n<div class=\"e619-7 x-col\" >\n    <div class=\"x-text\"  ><p style=\"text-align: center;\"><span style=\"color: #hsl(0, 0%, 4%);\">Zur Gew\u00e4hrleistung stabiler Folgeprozesse in der Verarbeitung bedarf es einer Bauteilreinigung, bei der die Bauteile von Verunreinigungen befreit werden. Wir verwenden ausschlie\u00dflich Reinigungsmedien auf w\u00e4ssriger Basis f\u00fcr unsere Prozesse und erreichen somit beste Ergebnisse f\u00fcr Ihre Reinigung und schonen die Umwelt. Von Kleinteilen als Sch\u00fcttgut oder auf Warentr\u00e4gern bis hin zur gro\u00dfen Einzelteilen k\u00f6nnen mit unseren MTM-Teilereinigungsanlagen unterschiedliche Bauteile gewaschen und \u00d6l und Fettfreiheiten von bis zu 40 mN\/m erreicht werden.<\/span><\/p>\n<\/div>  <\/div>\n<\/div>\n  <\/div>\n    <\/div>\n\n<div class=\"e619-9 x-section\" >\n      \n<div class=\"e619-10 x-row x-container max width\" >\n    <div class=\"x-row-inner\">\n<div class=\"e619-11 x-col\" >\n    <hr  class=\"x-gap\" style=\"margin: 30px 0 0 0;\">  <\/div>\n\n<div class=\"e619-13 x-col\" >\n    <hr  class=\"x-gap\" style=\"margin: 30px 0 0 0;\">  <\/div>\n<\/div>\n  <\/div>\n    <\/div>\n\n<div class=\"e619-15 x-section\" >\n      \n<div class=\"e619-16 x-row x-container max width\" >\n    <div class=\"x-row-inner\">\n<div class=\"e619-17 x-col\" >\n    <h1  class=\"h-custom-headline cs-ta-center h3\" style=\"color: hsl(0, 0%, 100%);\"><span>Lohnreigung- & fertigung<\/span><\/h1>  <\/div>\n<\/div>\n  <\/div>\n    <\/div>\n\n<div class=\"e619-19 x-section\" >\n      \n<div class=\"e619-20 x-row x-container max width\" >\n    <div class=\"x-row-inner\">\n<div class=\"e619-21 x-col\" >\n    \n<span class=\"e619-22 x-image\" >\n  <img src=\"https:\/\/mto-gmbh.com\/Neu\/wp-content\/uploads\/2022\/03\/Entoelen_Entfetten2-e1649399959104.png\" width=\"590.5\" height=\"295.5\" alt=\"Image\" loading=\"lazy\" >\n<\/span>\n\n<hr class=\"e619-23 x-line\" >\n\n<a class=\"e619-24 x-anchor x-anchor-button\" tabindex=\"0\" href=\"https:\/\/mto-gmbh.com\/Neu\/?page_id=718\" target=\"_blank\" >\n\n  \n    <div class=\"x-anchor-content\">\n            <div class=\"x-anchor-text\"><span class=\"x-anchor-text-primary\" >Ent&ouml;len\/ Enfetten<\/span><\/div>          <\/div>\n\n        \n  \n<\/a>\n  <\/div>\n\n<div class=\"e619-25 x-col\" >\n    \n<span class=\"e619-26 x-image\" >\n  <img src=\"https:\/\/mto-gmbh.com\/Neu\/wp-content\/uploads\/2022\/03\/Entroesten.png\" width=\"500\" height=\"250\" alt=\"Image\" loading=\"lazy\" >\n<\/span>\n<hr  class=\"x-gap\" style=\"margin: 50px 0 0 0;\">\n<a class=\"e619-28 x-anchor x-anchor-button\" tabindex=\"0\" href=\"https:\/\/mto-gmbh.com\/Neu\/?page_id=749\" target=\"_blank\" >\n\n  \n    <div class=\"x-anchor-content\">\n            <div class=\"x-anchor-text\"><span class=\"x-anchor-text-primary\" >Entrosten<\/span><\/div>          <\/div>\n\n        \n  \n<\/a>\n  <\/div>\n<\/div>\n  <\/div>\n    <\/div>\n\n<div class=\"e619-29 x-section\" >\n      \n<div class=\"e619-30 x-row x-container max width\" >\n    <div class=\"x-row-inner\">\n<div class=\"e619-31 x-col\" >\n    \n<span class=\"e619-32 x-image\" >\n  <img src=\"https:\/\/mto-gmbh.com\/Neu\/wp-content\/uploads\/2022\/04\/Engraten-e1649408513279.jpg\" width=\"277\" height=\"300\" alt=\"Image\" loading=\"lazy\" >\n<\/span>\n\n<a class=\"e619-33 x-anchor x-anchor-button\" tabindex=\"0\" href=\"https:\/\/mto-gmbh.com\/Neu\/?page_id=789\" target=\"_blank\" >\n\n  \n    <div class=\"x-anchor-content\">\n            <div class=\"x-anchor-text\"><span class=\"x-anchor-text-primary\" >Engraten &amp; Trowalisieren\/ Gleitschleifen<\/span><\/div>          <\/div>\n\n        \n  \n<\/a>\n  <\/div>\n\n<div class=\"e619-34 x-col\" >\n    \n<span class=\"e619-35 x-image\" >\n  <img src=\"https:\/\/mto-gmbh.com\/Neu\/wp-content\/uploads\/2022\/03\/fein_Feinstreinigung2.png\" width=\"1181\" height=\"591\" alt=\"Image\" loading=\"lazy\" >\n<\/span>\n\n<hr class=\"e619-36 x-line\" >\n\n<a class=\"e619-37 x-anchor x-anchor-button\" tabindex=\"0\" href=\"https:\/\/mto-gmbh.com\/Neu\/?page_id=818\" target=\"_blank\" >\n\n  \n    <div class=\"x-anchor-content\">\n            <div class=\"x-anchor-text\"><span class=\"x-anchor-text-primary\" >Fein- &amp; Feinstreinigung<\/span><\/div>          <\/div>\n\n        \n  \n<\/a>\n  <\/div>\n<\/div>\n  <\/div>\n    <\/div>\n\n<div class=\"e619-38 x-section\" >\n      \n<div class=\"e619-39 x-row x-container max width\" >\n    <div class=\"x-row-inner\">\n<div class=\"e619-40 x-col\" >\n    \n<span class=\"e619-41 x-image\" >\n  <img src=\"https:\/\/mto-gmbh.com\/Neu\/wp-content\/uploads\/2022\/03\/PASSIEVIEREN_PHOSPHATIEREN.png\" width=\"1181\" height=\"591\" alt=\"Image\" loading=\"lazy\" >\n<\/span>\n\n<hr class=\"e619-42 x-line\" >\n\n<a class=\"e619-43 x-anchor x-anchor-button\" tabindex=\"0\" href=\"https:\/\/mto-gmbh.com\/Neu\/?page_id=793\" target=\"_blank\" >\n\n  \n    <div class=\"x-anchor-content\">\n            <div class=\"x-anchor-text\"><span class=\"x-anchor-text-primary\" >Passivieren &amp; Phosphatieren<\/span><\/div>          <\/div>\n\n        \n  \n<\/a>\n  <\/div>\n\n<div class=\"e619-44 x-col\" >\n    \n<span class=\"e619-45 x-image\" >\n  <img src=\"https:\/\/mto-gmbh.com\/Neu\/wp-content\/uploads\/2022\/04\/Symbole-MTO-14_new.png\" width=\"500\" height=\"250\" alt=\"Image\" loading=\"lazy\" >\n<\/span>\n<hr  class=\"x-gap\" style=\"margin: 50px 0 0 0;\">\n<a class=\"e619-47 x-anchor x-anchor-button\" tabindex=\"0\" >\n\n  \n    <div class=\"x-anchor-content\">\n            <div class=\"x-anchor-text\"><span class=\"x-anchor-text-primary\" >Trocknen<\/span><\/div>          <\/div>\n\n        \n  \n<\/a>\n  <\/div>\n<\/div>\n  <\/div>\n    <\/div>\n\n<div class=\"e619-48 x-section\" >\n      \n<div class=\"e619-49 x-row x-container max width\" >\n    <div class=\"x-row-inner\">\n<div class=\"e619-50 x-col\" >\n    \n<hr class=\"e619-51 x-line\" >\n  <\/div>\n\n<div class=\"e619-52 x-col\" >\n    \n<hr class=\"e619-53 x-line\" >\n  <\/div>\n<\/div>\n  <\/div>\n    <\/div>\n\n<div class=\"e619-54 x-section\" >\n      \n<div class=\"e619-55 x-row x-container max width\" >\n    <div class=\"x-row-inner\">\n<div class=\"e619-56 x-col\" >\n    <h1  class=\"h-custom-headline cs-ta-center h3\" style=\"color: hsl(0, 0%, 100%);\"><span>Unsere Zusatzleistungen<\/span><\/h1>  <\/div>\n<\/div>\n  <\/div>\n    <\/div>\n\n<div class=\"e619-58 x-section\" >\n      \n<div class=\"e619-59 x-row x-container max width\" >\n    <div class=\"x-row-inner\">\n<div class=\"e619-60 x-col\" >\n    \n<span class=\"e619-61 x-image\" >\n  <img src=\"https:\/\/mto-gmbh.com\/Neu\/wp-content\/uploads\/2019\/10\/Service-Lohnreinigung-3.jpg\" width=\"3000\" height=\"2000\" alt=\"Image\" loading=\"lazy\" >\n<\/span>\n<h4  class=\"h-custom-headline cs-ta-left h5\" ><span>Lagerung \/ Verpackung<\/span><\/h4><div class=\"x-text\"  ><p>Wir bieten unseren Kunden die M\u00f6glichkeit, Ihre Teile bei uns einzulagern. Auch das Verpacken nach individuellen Kundenvorgaben geh\u00f6rt zu unserem Leistungsspektrum.<\/p>\n<\/div>  <\/div>\n\n<div class=\"e619-64 x-col\" >\n    \n<span class=\"e619-65 x-image\" >\n  <img src=\"https:\/\/mto-gmbh.com\/Neu\/wp-content\/uploads\/2019\/10\/Service-Lohnreinigung-5.jpg\" width=\"1265\" height=\"843\" alt=\"Image\" loading=\"lazy\" >\n<\/span>\n<h4  class=\"h-custom-headline cs-ta-left h5\" ><span>Logistik\n<\/span><\/h4><div class=\"x-text\"  ><p>Gerne \u00fcbernehmen wir f\u00fcr unsere Kunden die logistische Abwicklung der Transporte.<\/p>\n<\/div>  <\/div>\n\n<div class=\"e619-68 x-col\" >\n    \n<span class=\"e619-69 x-image\" >\n  <img src=\"https:\/\/mto-gmbh.com\/Neu\/wp-content\/uploads\/2019\/10\/Service-Lohnreinigung.jpg\" width=\"1359.5\" height=\"906.5\" alt=\"Image\" loading=\"lazy\" >\n<\/span>\n<h4  class=\"h-custom-headline cs-ta-left h5\" ><span>Service\n<\/span><\/h4><div class=\"x-text\"  ><p>Entwicklung von Reinigungsl\u00f6sungen bis hin zur individuellen Reinigungsanlage<\/p>\n<\/div>  <\/div>\n<\/div>\n  <\/div>\n    <\/div>\n\n<div class=\"e619-72 x-section\" >\n      \n<div class=\"e619-73 x-row x-container max width\" >\n    <div class=\"x-row-inner\">\n<div class=\"e619-74 x-col\" >\n    <h1  class=\"h-custom-headline cs-ta-center h3\" style=\"color: hsl(0, 0%, 100%);\"><span>MTO eingesetzte Technologie beim  Lohnreinigung<\/span><\/h1>  <\/div>\n<\/div>\n  <\/div>\n    <\/div>\n\n<div class=\"e619-76 x-section\" >\n      \n<div class=\"e619-77 x-row x-container max width\" >\n    <div class=\"x-row-inner\">\n<div class=\"e619-78 x-col\" >\n    \n<a class=\"e619-79 x-image\" href=\"https:\/\/www.mtm-gmbh.com\/portfolio-item\/mehrkammer-reinigungsanlagen\/\" >\n  <img src=\"https:\/\/mto-gmbh.com\/Neu\/wp-content\/uploads\/2022\/04\/AnlageSKR-mit-Logo-1024x768-1.jpg\" width=\"512\" height=\"384\" alt=\"Image\" loading=\"lazy\" >\n<\/a>\n\n<a class=\"e619-80 x-anchor x-anchor-button\" tabindex=\"0\" href=\"https:\/\/www.mtm-gmbh.com\/portfolio-item\/mehrkammer-reinigungsanlagen\/\" >\n\n  \n    <div class=\"x-anchor-content\">\n            <div class=\"x-anchor-text\"><span class=\"x-anchor-text-primary\" >Kreiskammer-Reinigungsanlagen<\/span><span class=\"x-anchor-text-secondary\" >vom Typ SKR<\/span><\/div>          <\/div>\n\n        \n  \n<\/a>\n<div class=\"x-text\"  ><p>Diese industrielle Teilereinigungsanlage ist flexibel bez\u00fcglich der Werkst\u00fcck-Nutzma\u00dfe, des Maximalgewichts und des zu behandelnden Werkstoffes. Anwendungsbereiche findet die SKR da wo Durchlaufreinigung gefordert ist.<\/p>\n<\/div>  <\/div>\n\n<div class=\"e619-82 x-col\" >\n    \n<a class=\"e619-83 x-image\" href=\"https:\/\/www.mtm-gmbh.com\/portfolio-item\/roboter-takt-reinigungsanlagen\/\" >\n  <img src=\"https:\/\/mto-gmbh.com\/Neu\/wp-content\/uploads\/2022\/04\/Flexcell.png\" width=\"300\" height=\"225\" alt=\"Image\" loading=\"lazy\" >\n<\/a>\n\n<a class=\"e619-84 x-anchor x-anchor-button\" tabindex=\"0\" href=\"https:\/\/www.mtm-gmbh.com\/portfolio-item\/roboter-takt-reinigungsanlagen\/\" >\n\n  \n    <div class=\"x-anchor-content\">\n            <div class=\"x-anchor-text\"><span class=\"x-anchor-text-primary\" >Roboter-Reinigungsanlage<\/span><span class=\"x-anchor-text-secondary\" > vom Typ FLEXCELL<\/span><\/div>          <\/div>\n\n        \n  \n<\/a>\n<div class=\"x-text\"  ><p>Geeignet f\u00fcr die industrielle Lohnfertigung von:<br \/>\nGetriebesteuer\/ Kanalplatten, Kurbelgeh\u00e4use, Getriebegeh\u00e4use, Lenkgeh\u00e4use, Strukturteile, Verdichtungsgeh\u00e4use, Hydraulikpumpen Elektromotoren, Batteriewannen, Alufelgen, Bremsen, Bremsteile, Bremssattel, Bremsscheibe, Bremsscheibe, Scheibenbremse, Differentialgeh\u00e4use, Differentialgetriebe, differentialflansch.<\/p>\n<\/div>  <\/div>\n\n<div class=\"e619-86 x-col\" >\n    \n<a class=\"e619-87 x-image\" href=\"https:\/\/www.mtm-gmbh.com\/portfolio-item\/einkammer-reinigungsanlagen\/\" >\n  <img src=\"https:\/\/mto-gmbh.com\/Neu\/wp-content\/uploads\/2022\/04\/FKA_ERA-e1649409796721.png\" width=\"331\" height=\"248\" alt=\"Image\" loading=\"lazy\" >\n<\/a>\n\n<a class=\"e619-88 x-anchor x-anchor-button\" tabindex=\"0\" href=\"https:\/\/www.mtm-gmbh.com\/portfolio-item\/einkammer-reinigungsanlagen\/\" >\n\n  \n    <div class=\"x-anchor-content\">\n            <div class=\"x-anchor-text\"><span class=\"x-anchor-text-primary\" >Einkammer-Reinigungsanlagen<\/span><span class=\"x-anchor-text-secondary\" >vom Typ ERA<\/span><\/div>          <\/div>\n\n        \n  \n<\/a>\n<div class=\"x-text\"  ><p>Wahlweise k\u00f6nnen zum Beispiel Schrauben, Beschl\u00e4ge, Getriebe f\u00fcr Elektromotoren, Zylinderk\u00f6pfe in Kleinserien, Getriebeteile f\u00fcr PKW, Steinbohrer, Nockenwellen, Lenkschl\u00f6sser f\u00fcr PKW oder TRI-Flansche in der Anlage gereinigt werden. Es k\u00f6nnen auch gro\u00dfvolumige Teile wie Kurbelgeh\u00e4use aus dem automotiven Umfeld mit einem Chargengewicht von 750 kg in der Waschanlage gereinigt werden.<\/p>\n<\/div>  <\/div>\n\n<div class=\"e619-90 x-col\" >\n    \n<a class=\"e619-91 x-image\" href=\"https:\/\/www.mtm-gmbh.com\/portfolio-item\/durchlauf-reinigungsanlagen-2\/\" >\n  <img src=\"https:\/\/mto-gmbh.com\/Neu\/wp-content\/uploads\/2022\/04\/MTM_OMEGA-1024x768-1-e1649410697440.jpg\" width=\"233.5\" height=\"175\" alt=\"Image\" loading=\"lazy\" >\n<\/a>\n\n<a class=\"e619-92 x-anchor x-anchor-button\" tabindex=\"0\" href=\"https:\/\/www.mtm-gmbh.com\/portfolio-item\/durchlauf-reinigungsanlagen-2\/\" >\n\n  \n    <div class=\"x-anchor-content\">\n            <div class=\"x-anchor-text\"><span class=\"x-anchor-text-primary\" >Kreis-Hauben-Reinigungsanlagen<\/span><span class=\"x-anchor-text-secondary\" > vom Typ OMEGA<\/span><\/div>          <\/div>\n\n        \n  \n<\/a>\n<div class=\"x-text\"  ><p>Hier geh\u00f6ren Hydrauliksteuergeh\u00e4use, ABS-Geh\u00e4use, Zylinderk\u00f6pfe, Zylinderkopfdeckel, Kurbelgeh\u00e4use, Getriebegeh\u00e4use ebenso wie Kurbelwellen und Nockenwellen zu den zu reinigenden Teilen. Das Chargengewicht der zu reinigenden Metallteile kann dabei zwischen 50 kg und 1000 kg betragen.<\/p>\n<\/div>  <\/div>\n<\/div>\n  <\/div>\n    <\/div>\n\n<div class=\"e619-94 x-section\" >\n      \n<div class=\"e619-95 x-row x-container max width\" >\n    <div class=\"x-row-inner\">\n<div class=\"e619-96 x-col\" >\n    \n<hr class=\"e619-97 x-line\" >\n\n<hr class=\"e619-98 x-line\" >\n  <\/div>\n<\/div>\n  <\/div>\n\n<div class=\"e619-99 x-row\" >\n    <div class=\"x-row-inner\">\n<div class=\"e619-100 x-col\" >\n    <h3  class=\"h-custom-headline cs-ta-center h4\" style=\"color: hsl(0, 0%, 100%);\"><span>Sie haben Interesse an einem Angebot?<\/span><\/h3>\n<div class=\"e619-102 x-row\" >\n    <div class=\"x-row-inner\">\n<div class=\"e619-103 x-col\" >\n    \n<a class=\"e619-104 x-anchor x-anchor-button\" tabindex=\"0\" href=\"http:\/\/mto-gmbh.com\/Neu\/index.php\/kontakt\/\" >\n\n  \n    <div class=\"x-anchor-content\">\n            <div class=\"x-anchor-text\"><span class=\"x-anchor-text-primary\" >Fragen Sie uns an<\/span><\/div>          <\/div>\n\n        \n  \n<\/a>\n  <\/div>\n<\/div>\n  <\/div>\n  <\/div>\n<\/div>\n  <\/div>\n    <\/div>\n\n<div class=\"e619-105 x-section\" >\n      \n<div class=\"e619-106 x-row x-container max width\" >\n    <div class=\"x-row-inner\">\n<div class=\"e619-107 x-col\" >\n    <hr  class=\"x-gap\" style=\"margin: 50px 0 0 0;\"><hr  class=\"x-gap\" style=\"margin: 50px 0 0 0;\">  <\/div>\n<\/div>\n  <\/div>\n\n<div class=\"e619-110 x-row x-container max width\" >\n    <div class=\"x-row-inner\">\n<div class=\"e619-111 x-col\" >\n    <hr  class=\"x-gap\" style=\"margin: 50px 0 0 0;\"><hr  class=\"x-gap\" style=\"margin: 50px 0 0 0;\"><div class=\"x-text\"  ><p style=\"text-align: center;\"><span style=\"color: #hsl(0, 0%, 4%);\">Wir sind der richtige Partner, wenn es um Restschmutzwerte und Reinheitsnorm nach den Vorschriften und VDA 19 geht.<\/p>\n<\/div>  <\/div>\n<\/div>\n  <\/div>\n    <\/div>\n\n<div class=\"e619-115 x-section\" >\n      \n<div class=\"e619-116 x-row x-container max width\" >\n    <div class=\"x-row-inner\">\n<div class=\"e619-117 x-col\" >\n    \n<span class=\"e619-118 x-image\" >\n  <img src=\"https:\/\/mto-gmbh.com\/Neu\/wp-content\/uploads\/2019\/09\/T\u00dcV-Rheinland_gek\u00fcrzt.png\" width=\"174\" height=\"175\" alt=\"Wasserhaushaltsgesetz\" loading=\"lazy\" >\n<\/span>\n  <\/div>\n<\/div>\n  <\/div>\n    <\/div>\n<\/div>\n","protected":false},"excerpt":{"rendered":"<p>Wir bieten Ihnen ma\u00dfgeschneiderte Reinigungsverfahren f\u00fcr Ihre Bauteile Zur Gew\u00e4hrleistung stabiler Folgeprozesse in der Verarbeitung bedarf es einer Bauteilreinigung, bei der die Bauteile von Verunreinigungen befreit werden. Wir verwenden ausschlie\u00dflich Reinigungsmedien auf w\u00e4ssriger Basis f\u00fcr unsere Prozesse und erreichen somit beste Ergebnisse f\u00fcr Ihre Reinigung und schonen die Umwelt. Von Kleinteilen als Sch\u00fcttgut oder auf Warentr\u00e4gern bis hin zur gro\u00dfen &#8230;<\/p>\n","protected":false},"author":3,"featured_media":0,"parent":0,"menu_order":0,"comment_status":"closed","ping_status":"closed","template":"template-blank-2.php","meta":[],"yoast_head":"<!-- This site is optimized with the Yoast SEO plugin v15.7 - https:\/\/yoast.com\/wordpress\/plugins\/seo\/ -->\n<title>Leistungen - MTO Oberfl\u00e4chenbehandlung GmbH - industrielle Bauteilereinigung<\/title>\n<meta name=\"robots\" content=\"index, follow, max-snippet:-1, max-image-preview:large, max-video-preview:-1\" \/>\n<link rel=\"canonical\" href=\"https:\/\/mto-gmbh.com\/Neu\/index.php\/leistungen_entwurf\/\" \/>\n<meta property=\"og:locale\" content=\"de_DE\" \/>\n<meta property=\"og:type\" content=\"article\" \/>\n<meta property=\"og:title\" content=\"Leistungen - MTO Oberfl\u00e4chenbehandlung GmbH - industrielle Bauteilereinigung\" \/>\n<meta property=\"og:description\" content=\"Wir bieten Ihnen ma\u00dfgeschneiderte Reinigungsverfahren f\u00fcr Ihre Bauteile Zur Gew\u00e4hrleistung stabiler Folgeprozesse in der Verarbeitung bedarf es einer Bauteilreinigung, bei der die Bauteile von Verunreinigungen befreit werden. Wir verwenden ausschlie\u00dflich Reinigungsmedien auf w\u00e4ssriger Basis f\u00fcr unsere Prozesse und erreichen somit beste Ergebnisse f\u00fcr Ihre Reinigung und schonen die Umwelt. Von Kleinteilen als Sch\u00fcttgut oder auf Warentr\u00e4gern bis hin zur gro\u00dfen ...\" \/>\n<meta property=\"og:url\" content=\"https:\/\/mto-gmbh.com\/Neu\/index.php\/leistungen_entwurf\/\" \/>\n<meta property=\"og:site_name\" content=\"MTO Oberfl\u00e4chenbehandlung GmbH - industrielle Bauteilereinigung\" \/>\n<meta property=\"article:modified_time\" content=\"2025-03-19T11:15:01+00:00\" \/>\n<meta name=\"twitter:card\" content=\"summary_large_image\" \/>\n<meta name=\"twitter:label1\" content=\"Gesch\u00e4tzte Lesezeit\">\n\t<meta name=\"twitter:data1\" content=\"6 Minuten\">\n<script type=\"application\/ld+json\" class=\"yoast-schema-graph\">{\"@context\":\"https:\/\/schema.org\",\"@graph\":[{\"@type\":\"WebSite\",\"@id\":\"https:\/\/mto-gmbh.com\/Neu\/#website\",\"url\":\"https:\/\/mto-gmbh.com\/Neu\/\",\"name\":\"MTO Oberfl\\u00e4chenbehandlung GmbH - industrielle Bauteilereinigung\",\"description\":\"Ihr Dienstleister f\\u00fcr die Lohnreinigung von industriellen Bauteilen\",\"potentialAction\":[{\"@type\":\"SearchAction\",\"target\":\"https:\/\/mto-gmbh.com\/Neu\/?s={search_term_string}\",\"query-input\":\"required name=search_term_string\"}],\"inLanguage\":\"de-DE\"},{\"@type\":\"WebPage\",\"@id\":\"https:\/\/mto-gmbh.com\/Neu\/index.php\/leistungen_entwurf\/#webpage\",\"url\":\"https:\/\/mto-gmbh.com\/Neu\/index.php\/leistungen_entwurf\/\",\"name\":\"Leistungen - MTO Oberfl\\u00e4chenbehandlung GmbH - industrielle Bauteilereinigung\",\"isPartOf\":{\"@id\":\"https:\/\/mto-gmbh.com\/Neu\/#website\"},\"datePublished\":\"2022-07-07T07:42:19+00:00\",\"dateModified\":\"2025-03-19T11:15:01+00:00\",\"inLanguage\":\"de-DE\",\"potentialAction\":[{\"@type\":\"ReadAction\",\"target\":[\"https:\/\/mto-gmbh.com\/Neu\/index.php\/leistungen_entwurf\/\"]}]}]}<\/script>\n<!-- \/ Yoast SEO plugin. -->","_links":{"self":[{"href":"https:\/\/mto-gmbh.com\/Neu\/index.php\/wp-json\/wp\/v2\/pages\/619"}],"collection":[{"href":"https:\/\/mto-gmbh.com\/Neu\/index.php\/wp-json\/wp\/v2\/pages"}],"about":[{"href":"https:\/\/mto-gmbh.com\/Neu\/index.php\/wp-json\/wp\/v2\/types\/page"}],"author":[{"embeddable":true,"href":"https:\/\/mto-gmbh.com\/Neu\/index.php\/wp-json\/wp\/v2\/users\/3"}],"replies":[{"embeddable":true,"href":"https:\/\/mto-gmbh.com\/Neu\/index.php\/wp-json\/wp\/v2\/comments?post=619"}],"version-history":[{"count":68,"href":"https:\/\/mto-gmbh.com\/Neu\/index.php\/wp-json\/wp\/v2\/pages\/619\/revisions"}],"predecessor-version":[{"id":961,"href":"https:\/\/mto-gmbh.com\/Neu\/index.php\/wp-json\/wp\/v2\/pages\/619\/revisions\/961"}],"wp:attachment":[{"href":"https:\/\/mto-gmbh.com\/Neu\/index.php\/wp-json\/wp\/v2\/media?parent=619"}],"curies":[{"name":"wp","href":"https:\/\/api.w.org\/{rel}","templated":true}]}}